 by 1128?
545
Calculate the remainder when 164057 is divided by 290.
207
What is the remainder when 152046 is divided by 1505?
41
What is the remainder when 5189507 is divided by 1037901?
2
Calculate the remainder when 108727 is divided by 9146.
8121
What is the remainder when 55240666 is divided by 18413545?
31
What is the remainder when 86477 is divided by 14384?
173
Calculate the remainder when 133908354 is divided by 4003.
4001
Calculate the remainder when 4139596 is divided by 129361.
44
Calculate the remainder when 29850336 is divided by 4773.
4767
Calculate the remainder when 376071 is divided by 125245.
336
Calculate the remainder when 47158170 is divided by 58.
52
What is the remainder when 4508351 is divided by 2638?
9
Calculate the remainder when 943317674 is divided by 2674.
2672
Calculate the remainder when 525770 is divided by 3266.
3210
Calculate the remainder when 112098 is divided by 477.
3
Calculate the remainder when 11737180 is divided by 2595.
2590
What is the remainder when 47034783 is divided by 17?
16
What is the remainder when 201997547 is divided by 31?
28
Calculate the remainder when 169869 is divided by 8.
5
What is the remainder when 7490935 is divided by 28?
11
What is the remainder when 1578840 is divided by 6609?
5898
Calculate the remainder when 167378 is divided by 12011.
11235
Calculate the remainder when 28844853 is divided by 1802803.
5
Calculate the remainder when 520285 is divided by 43325.
385
Calculate the remainder when 1516536 is divided by 208.
8
Calculate the remainder when 2973207 is divided by 161.
20
Calculate the remainder when 416173 is divided by 11558.
85
What is the remainder when 135734 is divided by 11?
5
Calculate the remainder when 81779 is divided by 465.
404
What is the remainder when 305630049 is divided by 101876678?
15
Calculate the remainder when 1201942 is divided by 600951.
40
Calculate the remainder when 48076203 is divided by 12019044.
27
Calculate the remainder when 5461007 is divided by 270.
257
What is the remainder when 281046 is divided by 175?
171
What is the remainder when 359752 is divided by 179796?
160
Calculate the remainder when 2699151 is divided by 208.
143
What is the remainder when 7818804 is divided by 787?
746
Calculate the remainder when 173201 is divided by 57727.
20
Calculate the remainder when 1503582 is divided by 1502954.
628
Calculate the remainder when 835367 is divided by 23.
7
Calculate the remainder when 2831307 is divided by 707824.
11
What is the remainder when 88005 is divided by 21944?
229
What is the remainder when 18656717 is divided by 54?
41
Calculate the remainder when 1127155 is divided by 90.
85
Calculate the remainder when 2120073 is divided by 54.
33
Calculate the remainder when 111475569 is divided by 13.
10
Calculate the remainder when 31344 is divided by 228.
108
Calculate the remainder when 120162824 is divided by 105.
89
Calculate the remainder when 946571 is divided by 37670.
4821
Calculate the remainder when 103033801 is divided by 103033791.
10
What is the remainder when 51751 is divided by 3445?
76
Calculate the remainder when 113444 is divided by 3046.
742
What is the remainder when 2211043 is divided by 5684?
5651
What is the remainder when 95837 is divided by 336?
77
What is the remainder when 11343257 is divided by 1384?
1377
Calculate the remainder when 48533360 is divided by 4029.
26
Calculate the remainder when 28711 is divided by 13902.
907
What is the remainder when 4912001 is divided by 27?
26
Calculate the remainder when 192838 is divided by 3382.
64
Calculate the remainder when 1275834 is divided by 336.
42
What is the remainder when 3144555 is divided by 1048182?
9
What is the remainder when 37558114 is divided by 248?
2
What is the remainder when 1127566 is divided by 9720?
46
Calculate the remainder when 504617 is divided by 4504.
169
Calculate the remainder when 117538 is divided by 23487.
103
What is the remainder when 190494 is divided by 9649?
7163
Calculate the remainder when 20146 is divided by 6004.
2134
What is the remainder when 65975 is divided by 5982?
173
Calculate the remainder when 8864 is divided by 8118.
746
What is the remainder when 2009366 is divided by 111630?
26
What is the remainder when 50260 is divided by 299?
28
What is the remainder when 3079056 is divided by 769745?
76
Calculate the remainder when 39609 is divided by 19282.
1045
What is the remainder when 179124228 is divided by 2110?
2108
What is the remainder when 128029650 is divided by 4295?
4290
Calculate the remainder when 588561 is divided by 2788.
293
Calculate the remainder when 106130887 is divided by 178.
167
What is the remainder when 1879085 is divided by 313176?
29
What is the remainder when 738900 is divided by 1347?
744
Calculate the remainder when 56738198 is divided by 1468.
1466
What is the remainder when 65676906 is divided by 47765?
31
What is the remainder when 3243631 is divided by 405?
391
What is the remainder when 107739352 is divided by 115?
107
Calculate the remainder when 610185 is divided by 304849.
487
Calculate the remainder when 52425717 is divided by 107.
104
What is the remainder when 498432 is divided by 457?
302
What is the remainder when 40722 is divided by 8140?
22
What is the remainder when 5530575 is divided by 1382622?
87
Calculate the remainder when 136116 is divided by 1206.
1044
What is the remainder when 758782 is divided by 379381?
20
What is the remainder when 14575100 is divided by 119468?
4
What is the remainder when 541628398 is divided by 8650?
8648
Calculate the remainder when 6347004 is divided by 16.
12
What is the remainder when 91784083 is divided by 1734?
1729
What is the remainder when 43711 is divided by 10211?
2867
Calculate the remainder when 539476 is divided by 1163.
1007
What is the remainder when 973522 is divided by 10816?
82
Calculate the remainder when 808074 is divided by 1156.
30
What is the remainder when 3074163 is divided by 157?
103
What is the remainder when 9627779 is divided by 22707?
11
What is the remainder when 658198 is divided by 349?
333
Calculate the remainder when 126393 is divided by 512.
441
Calculate the remainder when 2025471 is divided by 506354.
55
What is the remainder when 5473 is divided by 4729?
744
What is the remainder when 7385438 is divided by 31?
29
What is the remainder when 526051 is divided by 2925?
2476
What is the remainder when 1489691 is divided by 92?
27
Calculate the remainder when 95875 is divided by 1102.
1
Calculate the remainder when 1101727 is divided by 709.
650
Calculate the remainder when 7797502 is divided by 649786.
70
What is the remainder when 181362553 is divided by 93?
91
What is the remainder when 11673 is divided by 736?
633
Calculate the remainder when 1298059 is divided by 615.
409
Calculate the remainder when 61049062 is divided by 6352.
6342
What is the remainder when 569279 is divided by 1327?
1323
What is the remainder when 618714932 is divided by 7179?
7175
What is the remainder when 16879092 is divided by 8439532?
28
What is the remainder when 237160425 is divided by 15810695?
0
What is the remainder when 1817584 is divided by 904?
544
Calculate the remainder when 1019775 is divided by 539.
526
What is the remainder when 112065 is divided by 5583?
405
Calculate the remainder when 53151 is divided by 612.
519
Calculate the remainder when 126651 is divided by 4517.
175
Calculate the remainder when 49033655 is divided by 827.
825
Calculate the remainder when 139102 is divided by 69428.
246
Calculate the remainder when 1811455 is divided by 1596.
1591
Calculate the remainder when 3809029 is divided by 1819.
43
What is the remainder when 1017111 is divided by 4622?
271
Calculate the remainder when 2426 is divided by 2162.
264
What is the remainder when 5531038 is divided by 828?
826
What is the remainder when 24983803 is divided by 12491870?
63
Calculate the remainder when 17307316 is divided by 42.
40
What is the remainder when 43786330 is divided by 76?
70
Calculate the remainder when 303989 is divided by 10027.
3179
What is the remainder when 151082 is divided by 86?
66
Calculate the remainder when 1275871 is divided by 1815.
1741
What is the remainder when 67821 is divided by 452?
21
What is the remai